e 2*o - 7*o + s = -2*x, -4*x = 0. What is the units digit of o?
8
Let f(u) = 4*u**3 - 13*u + 0 + 1 + 12*u + u**2. What is the tens digit of f(2)?
3
What is the units digit of (235/15 - 4)*18?
0
Let g be -2 + 1 - 1*-4. Suppose 0 = -2*i + 2*r - 6, 5*i + g*r - 1 = 8. Suppose 2*k = -2*q - i*q + 14, -q = 4*k - 13. What is the units digit of k?
2
Let w = 15 - 6. Suppose -4*u - 55 = -w*u. What is the units digit of u?
1
Let l(n) = 20*n - 1. Let s be l(2). Suppose -56 = -5*u + s. What is the units digit of u?
9
Suppose -2*k + 3*a = 15, 7*a - 4*a - 15 = -5*k. Suppose 2*x + k*x = 24. What is the units digit of x?
2
Suppose 5*h = 9*h - 1276. What is the hundreds digit of h?
3
Suppose 2*k = -2*k + 108. Suppose -2 = 5*t - k. What is the units digit of t?
5
Suppose -15*p + 528 = 9*p. What is the tens digit of p?
2
Let r(n) = n**2 + 18*n + 12. What is the units digit of r(8)?
0
Suppose h - 2*d - 33 = -2*h, 22 = 2*h - 5*d. What is the units digit of h?
1
Let h be ((-16)/(-6))/(1/3). Suppose h = r - 3. What is the tens digit of r?
1
Let k(v) = -v**3 - v**2 + 3*v + 3. Let p be k(-2). What is the units digit of 39/12 - p/4?
3
Let s(h) be the first derivative of h**4/4 - 5*h**3/3 + h**2/2 - h + 2. What is the units digit of s(5)?
4
Let m(f) = 30*f**2 + 2*f + 2. What is the hundreds digit of m(3)?
2
Let g = 9 - 1. Suppose -5*b - 6*a + 4*a = -33, 4*b = 3*a + g. Suppose b = -r + 25. What is the units digit of r?
0
What is the tens digit of (-10*5)/(-3 + 2)?
5
Let h(f) = -30*f**3 + f. What is the tens digit of h(-1)?
2
Suppose -116 = 4*p - 8*p. What is the units digit of p?
9
What is the tens digit of 152/4 - (-1)/2*6?
4
Let f = 58 + 3. What is the tens digit of f?
6
Suppose 5*b + 0*u = -5*u + 200, -3*b + 3*u = -108. What is the tens digit of b?
3
Suppose 4*o - 109 = 4*j + 7, -3*o = 4*j - 87. What is the units digit of o?
9
Suppose 4*z - 67 = 17. Suppose 3*g + g = 5*s - z, 5*s - 5*g = 25. What is the units digit of s?
1
Let a(q) = -44*q**2 + q. Let n = 6 - 5. Let m be a(n). What is the units digit of m/(-5) - (-2)/5?
9
Let o = -1 - -26. Let c = -15 + o. What is the tens digit of c?
1
Let a(t) = 7*t**3 - 1. What is the units digit of a(1)?
6
Let h be 4/18 + (-61)/(-9). Let o(c) = c**3 - 3*c - 2. Let w be o(-2). Let a = h + w. What is the units digit of a?
3
Let q be (-5)/(-15) + (-12)/9. Let u = 33 - q. What is the units digit of u?
4
Let i(k) = -k**2 + 4*k - 1. Let d be i(3). Suppose -2*m = d*m - 32. Let t = m - 4. What is the units digit of t?
4
Suppose 0 = q + 3*a, -2*a + 34 = 5*q - 4*a. Let v(l) = 2*l**2 - 7*l - 4. What is the tens digit of v(q)?
2
Let m = 29 + 30. Let k = m - 20. What is the tens digit of k?
3
Let u = 35 + -32. Let v = 22 + -13. Let m = v - u. What is the units digit of m?
6
Let z = -1 + 4. Suppose z*i = 9 - 0. Suppose 0*k = -i*k + 24. What is the units digit of k?
8
Let r be 121/1 - (-9)/(-9). Suppose -2*m = 3*m - r. What is the units digit of m?
4
Suppose -4*v = -10 + 26. Let y(f) = -f + 1. What is the units digit of y(v)?
5
Let o(c) = 2*c - 5. What is the units digit of o(6)?
7
Let r(o) be the first derivative of -o**3/3 - 7*o**2/2 - 3*o + 1. What is the units digit of r(-5)?
7
Let z = 23 + -23. Suppose z = -i + 18 - 5. What is the units digit of i?
3
Suppose 4*b - 10 + 2 = 0. Let o(q) = -q**3 + 10*q**2 + 11*q. Let j be o(11). Suppose 2*v - 3*v + b = j. What is the units digit of v?
2
Let l = -7 + 10. Let v be (-137)/(-5) - l/(-5). Let y = -16 + v. What is the units digit of y?
2
Suppose -146 = -3*k - 5*z, -6 + 14 = -4*z. What is the tens digit of k?
5
Let l(t) = -t**3 - t**2 - 3*t - 2. Let h be l(-2). Let y be (2/2)/(2/4). Let w = h - y. What is the units digit of w?
6
Suppose 0 = -2*n - 3*t - 35, -72 = -n + 5*n + 4*t. Let q = -2 - n. What is the units digit of q?
7
Let f(l) = -l**3 - l**2 + 5*l + 6. What is the hundreds digit of f(-7)?
2
Let t = -6 - -5. Let s be (t - 1) + 2 - -3. Suppose 7*v - s*v = 20. What is the units digit of v?
5
Let z = -157 + 251. What is the tens digit of z?
9
Let p(t) = -t**2 + 21*t - 20. What is the tens digit of p(10)?
9
Let b be (-3)/(2/(-4)*3). Let u(y) = -4*y - 4*y**2 + 4 + 5*y**b + 3. What is the tens digit of u(5)?
1
Suppose -5*i + 2*i = -30. What is the units digit of i?
0
Let m = -90 - -318. What is the hundreds digit of m?
2
Let t(g) = -3*g**3 + g**2 - 2*g - 2. Let f be t(-2). Suppose 0*m = -5*n - 2*m + f, -n - 21 = -5*m. What is the units digit of n?
4
Let a(y) = y - 17. Let l be a(11). Let v(o) = -3*o**2 - 9*o + 3*o + 6 + 2*o**2. What is the units digit of v(l)?
6
Let o = 11 - 3. What is the units digit of 6/o - 25/(-4)?
7
Let s be (-28)/(-7) + (-14)/(-2). Suppose -2*l = 1 - s. What is the units digit of l?
5
Let j(c) = -21*c - 10. What is the tens digit of j(-17)?
4
Let i be -10*(0 - (-36)/(-8)). Suppose -i = 6*h - 9*h. What is the tens digit of h?
1
Let s(b) = -14*b + 1. What is the units digit of s(-2)?
9
Let g(j) = j - 39. Suppose -4*v - 4 = 5*b + 6, -3*v + 5*b + 10 = 0. Let h be g(v). What is the units digit of 24/13 - 6/h?
2
Let r = 28 - 54. Let t be 0 + r - 0/(-3). Let j = t - -40. What is the units digit of j?
4
Let k(w) = -8*w**3 + w. What is the units digit of k(-1)?
7
Let h be 48/(-27) + 2/(-9). Let x = h + 15. Suppose 4*q - 19 = x. What is the units digit of q?
8
Let r = -152 - -213. What is the tens digit of r?
6
Suppose 4*a = p + 9, 5*a - 4*a = 4*p + 6. What is the units digit of 68/8 + 1/a?
9
Suppose -5*u + 146 = -4. Suppose 2*p + 3*p = u. What is the units digit of p - 2/((-6)/(-3))?
5
Let u be ((-8)/(-12))/((-4)/30). Let i be 1/u - (-2)/10. Let s = i + 4. What is the units digit of s?
4
Let i = -54 - -36. Let x = i + 25. What is the units digit of x?
7
Suppose 4*a = -z + 381, 5*a - 5*z - 219 - 251 = 0. Suppose -a + 15 = -4*o. What is the tens digit of o?
2
Let z(x) = -266*x + 2. What is the hundreds digit of z(-1)?
2
Let c = 22 - 18. Suppose -4*n = c*u - 88 - 40, -5*u = 4*n - 164. What is the units digit of u?
6
Let q(b) be the second derivative of -b**3/6 + 5*b**2/2 - 3*b. What is the tens digit of q(-6)?
1
Suppose 3*n - 5*p - 111 = 0, 0 = -4*n + 3*p - 41 + 178. What is the units digit of n?
2
Let n be ((-3 + 2)*53)/(-1). Let o = n - 9. Suppose 4*v = 2*m - o, -20 = -3*m + 4*v + 36. What is the units digit of m?
2
Suppose 5*g - 4*n = 74, 0 = -5*g + 3*n - 0*n + 78. What is the units digit of g?
8
Let t be (-9)/6*2*1. What is the units digit of (0 - -5)*t/(-5)?
3
Suppose a - 3 = 4*q + 11, 52 = 5*a - 2*q. Suppose a*t + 19 = 11*t. What is the tens digit of t?
1
Let t = 158 + -43. What is the hundreds digit of t?
1
Let f be (3 - 2)*(-4 + 7). Suppose -4*n - 5*r = -184, -f*r + 7*r - 57 = -n. What is the units digit of n?
1
Suppose -g + 2*g = 4. Let o(t) = -t**3 + 5*t**2 - 4*t. Let y be o(g). Suppose -a - 3*w + 10 = y, -5*a = -4*w - 0*w - 50. What is the tens digit of a?
1
Let w = -3 - -3. Suppose 3 = -i + n, i + w*i - 5*n = -7. What is the units digit of 2/(1/(i/(-1)))?
4
Suppose 0 = 2*i + 4. Let j be ((-1)/(-1))/(i/(-4)). Suppose 4*f - 18 = -j*k, -2*f + 4*f + 5*k - 29 = 0. What is the units digit of f?
2
Let o = -115 + 213. What is the tens digit of o?
9
Let z(q) = -4*q - 12. Let v(y) = -5*y - 12. Let l(h) = 3*v(h) - 4*z(h). What is the units digit of l(-6)?
6
Suppose -3*s = 4*g - g - 30, s + 18 = 3*g. Suppose -3*k = -g*k + 20. What is the units digit of k?
5
Suppose 0 = f + 3*f. Suppose f = -y - 16 + 38. What is the units digit of y?
2
Suppose 2*s = 4*h + 3*s + 11, 0 = -5*h - 2*s - 10. What is the tens digit of ((-66)/h)/3*2?
1
Let q be (-6)/(-4)*(-1 - 1). Let z = q - -3. Suppose 2*s + 2*h - 14 = -z*h, 0 = 4*h + 16. What is the units digit of s?
1
Suppose 2*a + 2*v = 464, -5*a + 3*v + 1155 = 7*v. What is the hundreds digit of a?
2
Let a = -6 + 12. Let t be -2 + a*1 + 0. Suppose 4*p - 24 = t*c, -5 + 31 = 5*p - 3*c. What is the units digit of p?
4
Let h be (-42)/4 + 2/4. What is the units digit of 11 + h + (-46)/(-2)?
4
Suppose 16 = -5*i + 316. What is the units digit of i?
0
Let q(i) = -i**3 + 5*i**2 - i + 4. Let w be q(5). What is the tens digit of (-374)/33*w*3?
3
Suppose 5*d + 2 = 22. Suppose d*a = -a + h + 22, 3*a = -2*h + 8. What is the units digit of 3*(a/6 + 2)?
8
Let a(u) = -6 - 2 + 4 + 6*u**2 + u**3 - 2*u. What is the tens digit of a(-5)?
3
Let g = 13 + -13. Let x = 49 + g. What